l = t - 26. What is the tens digit of l?
1
What is the units digit of (-13 + -837)*(-2)/5?
0
Let s be (1/(-2))/((-6)/(-132) - 0). Let m = 45 + s. What is the tens digit of m?
3
Suppose -2*v - 3*v = 0. Let i(k) = 4*k**3 + 2*k**2 - 3*k - 43. Let f(g) = g**3 + g**2 - g + 1. Let b(w) = 3*f(w) - i(w). What is the units digit of b(v)?
6
Let r = 2 - -4. What is the units digit of 33 + (4/r)/(5/(-15))?
1
Suppose d - 2193 = -4*c, 2*c = -55*d + 51*d + 1114. What is the hundreds digit of c?
5
What is the units digit of 617 - (-59 - -62)*(-1)/(-3)?
6
Suppose 11*u - 10*u = 2. Let v be u*44*6/8. Suppose -4*w + v + 18 = 0. What is the tens digit of w?
2
Let c(j) = -136*j + 4. What is the hundreds digit of c(-1)?
1
Let g(q) = -2*q**3 + 66*q**2 - 62*q + 47. What is the tens digit of g(32)?
1
What is the hundreds digit of -193*5/25*-15?
5
Let r be (5 - 0) + -1 - (-8 - 0). Suppose -4*s - 1368 = -r*s. What is the units digit of s?
1
Let u = 7 + 6. Suppose -4*q = 3*j - 128, 12 = -6*j + 3*j. Let w = q - u. What is the tens digit of w?
2
Let x(k) = -k**3 + 9*k**2 - 4*k - 17. Let b be x(7). Let a = b + 24. What is the tens digit of a?
7
Let a(c) = 4*c - 48. Let l be a(11). What is the hundreds digit of 0 - l - -194 - 1?
1
Let h be (4 + -1)/(3 - 2). Let o(l) = 5*l**3 + l**3 - h*l**3 + 6*l**2 + 4*l - 2*l**3 + 3. What is the units digit of o(-5)?
8
Let z(f) = -189*f - 74. What is the thousands digit of z(-19)?
3
Suppose 0*q - q = -4*x + 34, 0 = -4*x - q + 38. Suppose x*g - 465 = 4*g. What is the units digit of g?
3
Let f(m) = -3*m - 1. Let p be f(-1). Suppose 0 = p*z - 2*k - 6, -2*k = -2*z + 3*k. What is the units digit of z?
5
Let o = -236 + 113. What is the tens digit of 1 - (-1)/(-3)*(o - -12)?
3
Suppose -4*h - 2*p + 956 = h, -3*p = -9. What is the hundreds digit of h?
1
Let o(k) = 6*k**2 - 33*k - 6. What is the hundreds digit of o(10)?
2
Suppose -48*j = -12*j - 49212. What is the thousands digit of j?
1
Suppose 2*g + 902 = 4*k + 276, -2*k + 2*g + 314 = 0. What is the hundreds digit of k?
1
Let p = 21 + -23. Suppose -3*m - 62 = 118. What is the units digit of m/(1 + -5) + p?
3
Suppose -m + 4*m = -5*y + 253, -y + 83 = m. What is the tens digit of m?
8
Let i be ((-6)/(-12))/(3 + (-633)/210). What is the units digit of (-5)/2*294/i?
1
Let n(u) = 15*u**2 - 1. Let q(z) = -5*z. Let p be q(-1). Let m = p + -4. What is the tens digit of n(m)?
1
Let z(j) = 13*j - 1. Let a be 42/28 - (-2)/4. What is the units digit of z(a)?
5
Suppose x - 4*q - 32 = -3*x, 0 = 3*x + q - 40. Let u = x + -14. What is the units digit of 0 - u*(0 + 19)?
8
Let v = 82 - 97. Let d(c) = c**2 + 15*c + 22. What is the units digit of d(v)?
2
Let d(h) = h**2 - 2*h - 5. Let j(z) = 4*z**2 - 9*z - 25. Let b = 11 + -13. Let u(c) = b*j(c) + 11*d(c). What is the tens digit of u(-3)?
3
Suppose 25*w - 745 - 705 = 0. What is the tens digit of w?
5
Let r = 332 - 338. Let a(o) = -o**3 - 6*o**2 - 4*o - 18. Let g(h) = -h**3 - 6*h**2 - 4*h - 17. Let d(w) = -3*a(w) + 4*g(w). What is the tens digit of d(r)?
1
Let u(r) = 3*r - 13*r + 8*r. Let f be u(-3). Let b = 29 - f. What is the units digit of b?
3
Suppose 4*t - 4*z - 5104 = 0, -14*t = -19*t - 3*z + 6348. What is the hundreds digit of t?
2
Let z(c) be the second derivative of -6*c**3 + 27*c**2/2 + 34*c. What is the tens digit of z(-7)?
7
Let v = -2209 - -3123. What is the hundreds digit of v?
9
Let y(h) = -h - 1. Let k be y(-5). Suppose 4*b = -k*q + 4, 7*q = 2*q - 5. Suppose 37 = 3*a - b*a. What is the tens digit of a?
3
Let g = -1 + 2. Let x be -4*(g + 1/(-4)). What is the units digit of 0 + 20 + -2 - x?
1
Let z(h) = 1 - 22*h + 4*h + 8 - 2. What is the hundreds digit of z(-9)?
1
Let s = -27 - -27. Suppose x - 2*x = -p, s = -5*x + 4*p. What is the tens digit of x - (2*-117)/3?
7
Suppose -137 = -3*m + 16. What is the hundreds digit of (-6)/m - (-11)/((-374)/(-8300))?
2
Let f(m) = -43*m**2 - m + 6. Let r(u) = u**2 + 1. Let k(s) = -f(s) + 4*r(s). What is the units digit of k(1)?
6
What is the tens digit of -390*(84/20 + -5)?
1
Suppose 0 = -4*a - 4*k + 24, 4*k = 4*a - 0*k - 16. Let x(d) = 2*d + 5. Let h be x(a). What is the units digit of (-1)/5 + 348/h?
3
Suppose 2*z - 3 = 1. Suppose 0 = 3*i + z*i - 210. What is the tens digit of i?
4
Let f be 1*8/12*3. What is the units digit of (-1 + -1)*(-77)/f?
7
Suppose 5*z + 43 + 63 = -4*g, -5*g + 2*z = 116. Let l be g*1/(-2)*1. Let c = l - 11. What is the units digit of c?
1
Let o be 2 - -1 - (4 - (-1 + 6)). Suppose 0 = o*y - q - 151, -5*y + 130 + 64 = 4*q. What is the tens digit of y?
3
Let m = -31 + 29. Let s be 4 - (-1 + m - -3). What is the tens digit of (-261)/6*s/(-6)?
2
Suppose -360*s = -362*s + 810. What is the hundreds digit of s?
4
Let g(a) = -a**3 - 5*a**2 - 4*a + 2. Let h be g(-4). Let d be h/(-9) + 20/9. What is the units digit of (-50)/d*(7 + -8)?
5
Let j = -3828 - -6016. What is the units digit of j?
8
Suppose -90 - 32 = -d. Suppose d = 4*a + 22. What is the tens digit of 10/a - (-78)/5?
1
Let n be 60/14 + (-10)/35. Suppose 2*v - c = 3, 0*c = 5*v + n*c + 12. Let a(u) = -u**2 + u + 24. What is the tens digit of a(v)?
2
What is the units digit of 5/(5 + 330/(-69))?
3
Let i(f) = 62*f**3 + f**2 - 5*f + 5. Suppose 4 + 0 = 4*j + 3*n, -n = 2*j - 2. What is the units digit of i(j)?
3
What is the units digit of 0 + 92*(-1243)/(-44)?
9
Let k(i) = -2*i**3 - 20*i**2 - i + 2. Let u be k(-10). Suppose 3*c - u = -c. Suppose b + 2*b - 102 = -3*l, c*l + b = 108. What is the tens digit of l?
3
Let i(n) = n**2 - 23*n + 1. Let s(m) = -3*m**2 + 47*m - 1. Let w(d) = 7*i(d) + 4*s(d). What is the tens digit of w(5)?
1
Suppose c - 436 = -4*m, 0 = -2*m + 11*c - 8*c + 232. What is the units digit of m?
0
Let g(f) = 5*f - 3. Let u be g(1). Suppose 4*l = -j + 449, 6*l + u*j = l + 565. What is the units digit of l?
1
Let v = -8 + 17. Suppose 1514 = v*u + 326. What is the hundreds digit of u?
1
Suppose 0 = -5*z - d - 3, -3*z + 8*d = 3*d + 13. What is the tens digit of 42*((3/(-6))/z + 4)?
8
Suppose -39 = 5*t - 124. Let z(j) = -j**3 - 7*j**2 - 8*j - 9. Let v be z(-6). Suppose -b - v = -t. What is the tens digit of b?
1
Suppose w - 187 = k, -5*k + 721 = 8*w - 4*w. What is the tens digit of w?
8
Suppose -o - 10 = -5*j, 0*o + 26 = 2*j + 4*o. Suppose t = 2, -1 = -5*w - 4*t - j. What is the tens digit of (4/w)/(2/(-77))?
7
Let w = 25 + -31. What is the hundreds digit of -5*(9/w)/((-1)/(-16))?
1
Let d(r) = -r + 9. Let x be d(4). What is the units digit of 0/3 + (-1)/(x/(-1250))?
0
Let c be -3 + 27/((-9)/(-3)). Let b be 148/18 - c/27. What is the tens digit of 150/12*b/5?
2
Suppose -4*r - 27 = 3*d, 5*d + 0*d = -r + 6. Let j = 0 + r. Let u(p) = 2*p**2 + 12*p - 6. What is the tens digit of u(j)?
4
Let y = 70 - 68. Suppose r + 460 = 5*p + 3*r, 0 = -y*p + r + 184. What is the units digit of p?
2
Suppose -2*k + 47*u - 51*u + 326 = 0, 3*k - 485 = -5*u. What is the tens digit of k?
5
Let q = -8028 - -12395. What is the units digit of q?
7
Let k(v) = 4*v**2 + 8. Let j be 3/(-12) + (-51)/(-12). What is the units digit of k(j)?
2
Let l(b) = -2*b**2 + 14*b - 9. Let m be l(6). Suppose -412 - 454 = -m*q - 2*h, -q = -2*h - 302. What is the units digit of q?
2
Suppose 2*c - 12 = 5*h, -3*c + 2*c - h + 20 = 0. Let k = -15 + c. Let g = k - -43. What is the units digit of g?
4
Suppose 3*i - 400 = -2*i. Suppose 6*w - i = w. What is the units digit of w?
6
Let r(u) = -85*u + 21. What is the tens digit of r(-5)?
4
What is the tens digit of ((-13 + 4)*1)/((-3)/99)?
9
Suppose 3*k - 153 = -0*k. Suppose 3*o = 177 + k. What is the tens digit of o?
7
Let n(z) = -z**2 - 71*z - 74. What is the thousands digit of n(-43)?
1
Suppose 25 - 45 = -10*d. What is the tens digit of d/(-3) - ((-1545)/9 + 1)?
7
Let o = -44 + 46. What is the units digit of 5 - o - (-154)/11?
7
Let m(h) = -284*h - 93. What is the hundreds digit of m(-3)?
7
Let i = 13 - 11. Suppose i*v + 3*v = 35. Suppose 0 = 3*l - v*l + 120. What is the units digit of l?
0
Let a = -280 - -1875. What is the units digit of a?
5
Let t be 10 - 2 - 4/2. Suppose t*y + 15 = y. What is the tens digit of (-58)/3*y/2?
2
Suppose 5*y - 9741 = -12*y. What is the hundreds digit of y?
5
Let i = -1814 - -4874. What is the thousands digit of i?
3
Suppose 0 = 5*p + z - 14 - 2, 5*z = p + 2. Suppose 3*d - 71 = -r + 52, -2*r - 132 = -p*d. What is th